{"id":222,"date":"2023-04-04T16:49:53","date_gmt":"2023-04-04T16:49:53","guid":{"rendered":"https:\/\/covayoga.com\/wordpress\/?page_id=222"},"modified":"2023-05-30T15:36:24","modified_gmt":"2023-05-30T15:36:24","slug":"reflexologie","status":"publish","type":"page","link":"https:\/\/covayoga.com\/wordpress\/?page_id=222","title":{"rendered":"R\u00e9flexologie"},"content":{"rendered":"\n<div class=\"wp-block-media-text alignwide is-stacked-on-mobile is-vertically-aligned-center\" style=\"grid-template-columns:16% auto\"><figure class=\"wp-block-media-text__media\"><img decoding=\"async\" src=\"https:\/\/covayoga.com\/wordpress\/wp-content\/uploads\/2023\/03\/pied-1.gif\" alt=\"\" class=\"wp-image-194 size-full\"\/><\/figure><div class=\"wp-block-media-text__content\">\n<h2 class=\"wp-block-heading has-text-color\" style=\"color:#000000;font-size:32px\"><strong>Qu&rsquo;est ce que la r\u00e9flexologie ?<\/strong><\/h2>\n\n\n\n<p class=\"has-text-color\" style=\"color:#000000;font-size:17px\">La r\u00e9flexologie est une technique \u00e9nerg\u00e9tique de travail de zones sp\u00e9cifiques : pieds, mains, oreilles ou visage\u2026 Ces zones sp\u00e9cifiques sont appel\u00e9es \u00abr\u00e9flexes\u00bb car les diff\u00e9rents syst\u00e8mes et organes du corps entier y sont \u00abrefl\u00e9t\u00e9s\u00bb. Chaque zone correspond \u00e0 une partie du corps.<\/p>\n<\/div><\/div>\n\n\n\n<div class=\"wp-block-cover alignfull is-light\" style=\"min-height:693px;aspect-ratio:unset;\"><span aria-hidden=\"true\" class=\"wp-block-cover__background has-background-dim-100 has-background-dim\" style=\"background-color:#ffffff\"><\/span><div class=\"wp-block-cover__inner-container is-layout-flow wp-block-cover-is-layout-flow\">\n<div class=\"wp-block-columns is-layout-flex wp-container-core-columns-is-layout-9d6595d7 wp-block-columns-is-layout-flex\">\n<div class=\"wp-block-column is-layout-flow wp-block-column-is-layout-flow\" style=\"flex-basis:100%\">\n<p><strong>Son fonctionnement<\/strong><br>La r\u00e9flexologie agit par la stimulation de zones et de points r\u00e9flexes. Par la pression des doigts exerc\u00e9e sur des zones r\u00e9flexes, la r\u00e9flexologie exerce une action \u00e0 distance sur un organe ou sur certaines parties du corps.<br>Pour d\u00e9clencher une r\u00e9action dans le corps, il faut un stimulus. Des stimuli sont provoqu\u00e9s par la pression des doigts ou petits objets sp\u00e9cifiques (b\u00e2tonnets) sur des zones r\u00e9flexes tels que les pieds. Ces stimuli provoquent une excitation nerveuse qui transmet un message \u00e9lectrochimique au syst\u00e8me nerveux central qui engendre une r\u00e9action dans l&rsquo;organisme.<br>L&rsquo;objectif est de lib\u00e9rer les toxines des terminaisons nerveuses et de les inciter \u00e0 prendre la voie de l&rsquo;\u00e9limination par le biais du syst\u00e8me lymphatique et du syst\u00e8me circulatoire.<br><br><strong>La s\u00e9ance<\/strong><br>Le travail du praticien en r\u00e9flexologie est de d\u00e9celer sous ses doigts des tensions ou perturbations \u00e9nerg\u00e9tiques dans les zones r\u00e9flexes afin de r\u00e9tablir la circulation et le bon fonctionnement de la zone travaill\u00e9e et de l&rsquo;ensemble du pied.<br>A aucun moment le praticien n\u2019intervient directement sur un organe : le travail s\u2019effectue par un toucher \u00e9nerg\u00e9tique qui permet de \u00abparcourir\u00bb le corps en exer\u00e7ant des pressions sur les pieds. Ce toucher permet de d\u00e9celer avec beaucoup de pr\u00e9cision des d\u00e9s\u00e9quilibres dans le corps. Ces d\u00e9s\u00e9quilibres peuvent \u00eatre d\u2019ordre \u00e9motionnel ou somatique.<\/p>\n\n\n\n<p><strong>Une technique de travail ancestrale<\/strong><\/p>\n\n\n\n<p>De nombreux \u00e9crits, rites religieux ou traditions ne d\u00e9crivent pas seulement la manipulation exerc\u00e9e sur les pieds, mais aussi leurs importances dans la vie quotidienne et la vie spirituelle de l&rsquo;homme. En \u00c9gypte, le plus ancien document est dat\u00e9 d&rsquo;environ 2500 ans av. J.C.<\/p>\n\n\n\n<p>A Saqqarah, sur le sarcophage du m\u00e9decin Ankhmahor sont repr\u00e9sent\u00e9es des sc\u00e8nes de soins dentaires, d\u2019embaumements, de pharmacologie\u2026 et d&rsquo;une pratique s&rsquo;apparentant fortement \u00e0 de la r\u00e9flexologie. Un hi\u00e9roglyphe illustre deux praticiens en train de masser les mains et les pieds de deux patients, et d\u00e9crit le dialogue suivant :<\/p>\n\n\n\n<p>&#8211; le patient : \u00ab Veuillez apaiser ma douleur \u00bb,<br>&#8211; le praticien r\u00e9pond : \u00ab Je ferai comme il vous plaira \u00bb.<\/p>\n\n\n\n<p><strong>La r\u00e9flexologie plantaire, les techniques existantes<\/strong><br>Trois techniques majeures de r\u00e9flexologie plantaire sont reconnues \u00e0 travers le monde :<br>&#8211; la r\u00e9flexologie plantaire sud-africaine, dite Douce ou M\u00e9tamorphique,<br>&#8211; la r\u00e9flexologie selon la M\u00e9decine traditionnelle chinoise (M.T.C.) ou dite orientale,<br>&#8211; la r\u00e9flexologie selon la technique Ingham, dite occidentale.<\/p>\n<\/div>\n<\/div>\n<\/div><\/div>\n","protected":false},"excerpt":{"rendered":"<p>Qu&rsquo;est ce que la r\u00e9flexologie ? La r\u00e9flexologie est une technique \u00e9nerg\u00e9tique de travail de zones sp\u00e9cifiques : pieds, mains, oreilles ou visage\u2026 Ces zones sp\u00e9cifiques sont appel\u00e9es \u00abr\u00e9flexes\u00bb car &hellip; <\/p>\n","protected":false},"author":1,"featured_media":194,"parent":0,"menu_order":0,"comment_status":"closed","ping_status":"closed","template":"","meta":{"footnotes":""},"class_list":["post-222","page","type-page","status-publish","has-post-thumbnail","hentry"],"_links":{"self":[{"href":"https:\/\/covayoga.com\/wordpress\/index.php?rest_route=\/wp\/v2\/pages\/222","targetHints":{"allow":["GET"]}}],"collection":[{"href":"https:\/\/covayoga.com\/wordpress\/index.php?rest_route=\/wp\/v2\/pages"}],"about":[{"href":"https:\/\/covayoga.com\/wordpress\/index.php?rest_route=\/wp\/v2\/types\/page"}],"author":[{"embeddable":true,"href":"https:\/\/covayoga.com\/wordpress\/index.php?rest_route=\/wp\/v2\/users\/1"}],"replies":[{"embeddable":true,"href":"https:\/\/covayoga.com\/wordpress\/index.php?rest_route=%2Fwp%2Fv2%2Fcomments&post=222"}],"version-history":[{"count":13,"href":"https:\/\/covayoga.com\/wordpress\/index.php?rest_route=\/wp\/v2\/pages\/222\/revisions"}],"predecessor-version":[{"id":571,"href":"https:\/\/covayoga.com\/wordpress\/index.php?rest_route=\/wp\/v2\/pages\/222\/revisions\/571"}],"wp:featuredmedia":[{"embeddable":true,"href":"https:\/\/covayoga.com\/wordpress\/index.php?rest_route=\/wp\/v2\/media\/194"}],"wp:attachment":[{"href":"https:\/\/covayoga.com\/wordpress\/index.php?rest_route=%2Fwp%2Fv2%2Fmedia&parent=222"}],"curies":[{"name":"wp","href":"https:\/\/api.w.org\/{rel}","templated":true}]}}