{"id":495,"date":"2023-05-29T20:04:41","date_gmt":"2023-05-29T20:04:41","guid":{"rendered":"https:\/\/covayoga.com\/wordpress\/?page_id=495"},"modified":"2023-05-30T13:13:38","modified_gmt":"2023-05-30T13:13:38","slug":"sud-africaine","status":"publish","type":"page","link":"https:\/\/covayoga.com\/wordpress\/?page_id=495","title":{"rendered":"La r\u00e9flexologie douce sud-africaine"},"content":{"rendered":"\n<p><em>dite technique m\u00e9tamorphique a \u00e9t\u00e9 d\u00e9velopp\u00e9e dans les ann\u00e9es 80 par l&rsquo;infirmi\u00e8re Chris Stormer.<\/em><\/p>\n\n\n\n<div class=\"wp-block-media-text alignwide is-stacked-on-mobile is-vertically-aligned-center\" style=\"grid-template-columns:29% auto\"><figure class=\"wp-block-media-text__media\"><img decoding=\"async\" src=\"https:\/\/covayoga.com\/wordpress\/wp-content\/uploads\/2023\/03\/pied-1.gif\" alt=\"\" class=\"wp-image-194 size-full\"\/><\/figure><div class=\"wp-block-media-text__content\">\n<h1 class=\"wp-block-heading has-text-color\" style=\"color:#000000;font-size:17px\">Une approche douce et puissante<\/h1>\n\n\n\n<p class=\"has-text-color\" style=\"color:#000000;font-size:17px\">La technique est id\u00e9ale pour des personnes dont le rythme de vie est tendue et stressant et ayant peu de temps pour se ressourcer.<\/p>\n<\/div><\/div>\n\n\n\n<div class=\"wp-block-cover alignfull is-light\" style=\"min-height:693px;aspect-ratio:unset;\"><span aria-hidden=\"true\" class=\"wp-block-cover__background has-background-dim-100 has-background-dim\" style=\"background-color:#ffffff\"><\/span><div class=\"wp-block-cover__inner-container is-layout-flow wp-block-cover-is-layout-flow\">\n<div class=\"wp-block-columns is-layout-flex wp-container-core-columns-is-layout-9d6595d7 wp-block-columns-is-layout-flex\">\n<div class=\"wp-block-column is-layout-flow wp-block-column-is-layout-flow\" style=\"flex-basis:100%\">\n<p><strong>Son exception<\/strong><br>Cette technique non douloureuse se distingue des autres r\u00e9flexologies plantaires par la qualit\u00e9 et la finesse du toucher sensitif et des effleurements qui font partie du soin.<br>Le toucher tr\u00e8s l\u00e9ger permet de travailler le subtil et est sans \u00e9gal au niveau de son effet sur le plan psycho \u00e9motionnel. Cette technique se pratique uniquement avec du talc pour la pr\u00e9cision du toucher procur\u00e9.<br>Cette technique manuelle est tr\u00e8s efficace pour soulager la douleur par la relaxation profonde (\u00e9tat alpha) permettant au potentiel d\u2019auto gu\u00e9rison du corps de se mettre en action et favorisant le retour \u00e0 l\u2019hom\u00e9ostasie de l\u2019organisme. Elle favorise la bonne circulation, l\u2019\u00e9limination des toxines et l\u2019\u00e9quilibre du syst\u00e8me endocrinien en intervenant sur diff\u00e9rents niveaux d\u2019actions tels que le syst\u00e8me nerveux, la circulation sanguine et le syst\u00e8me lymphatique.<\/p>\n\n\n\n<p><strong>La dur\u00e9e de la s\u00e9ance<\/strong><\/p>\n\n\n\n<p>Ce soin global prend en compte la totalit\u00e9 des syst\u00e8mes et des organes refl\u00e9t\u00e9s sur le pied et dure environ 1 heure.<br>On recommande en g\u00e9n\u00e9ral une s\u00e9ance par semaine (3 minimum) pour acc\u00e9der \u00e0 de bons r\u00e9sultats.<br>Cette technique constitue \u00e9galement une d\u00e9marche hygi\u00e9niste id\u00e9ale pour la grande majorit\u00e9 de personnes qui suivent un rythme de vie leur laissant peu de temps de pause pour se ressourcer. <br>Un soin d\u2019entretien par mois est conseill\u00e9.<\/p>\n\n\n\n<p><strong>Les bienfaits de la technique douce<\/strong><br>Tout d\u2019abord, cette technique douce est reconnue pour la relaxation profonde que procure le soin. Il est tr\u00e8s courant que le receveur somnole lors d\u2019une s\u00e9ance (\u00e9tat alpha de la conscience).<br>On pourra \u00e9galement l\u2019appliquer dans ces cas suivants :<\/p>\n\n\n\n<ul class=\"wp-block-list\">\n<li>Insomnie, troubles du sommeil<\/li>\n\n\n\n<li>Stress, hypertension, c\u00e9phal\u00e9e, anxi\u00e9t\u00e9, d\u00e9pression, troubles nerveux<\/li>\n\n\n\n<li>D\u00e9s\u00e9quilibres du syst\u00e8me endocrinien : sautes d\u2019humeur, d\u00e9prime, tristesse<\/li>\n\n\n\n<li>D\u00e9pr\u00e9ciation de soi, pour renouveler le lien avec soi, \u00e9motivit\u00e9 excessive, \u00e9tats d&rsquo;\u00e2me<\/li>\n\n\n\n<li>Pr\u00e9paration aux examens, adolescents en difficult\u00e9 identitaire<\/li>\n\n\n\n<li>Convalescence, Soutien en soins palliatifs, accompagnement<\/li>\n\n\n\n<li>Am\u00e9lioration de la circulation sanguine<\/li>\n\n\n\n<li>Favorisation de l&rsquo;\u00e9limination des toxines par le drainage du syst\u00e8me lymphatique<\/li>\n\n\n\n<li>D\u00e9contraction musculaire et mentale (sportifs)<\/li>\n\n\n\n<li>Convalescence<\/li>\n<\/ul>\n\n\n\n<p>.<\/p>\n<\/div>\n<\/div>\n<\/div><\/div>\n","protected":false},"excerpt":{"rendered":"<p>dite technique m\u00e9tamorphique a \u00e9t\u00e9 d\u00e9velopp\u00e9e dans les ann\u00e9es 80 par l&rsquo;infirmi\u00e8re Chris Stormer. Une approche douce et puissante La technique est id\u00e9ale pour des personnes dont le rythme de &hellip; <\/p>\n","protected":false},"author":1,"featured_media":194,"parent":222,"menu_order":0,"comment_status":"closed","ping_status":"closed","template":"","meta":{"footnotes":""},"class_list":["post-495","page","type-page","status-publish","has-post-thumbnail","hentry"],"_links":{"self":[{"href":"https:\/\/covayoga.com\/wordpress\/index.php?rest_route=\/wp\/v2\/pages\/495","targetHints":{"allow":["GET"]}}],"collection":[{"href":"https:\/\/covayoga.com\/wordpress\/index.php?rest_route=\/wp\/v2\/pages"}],"about":[{"href":"https:\/\/covayoga.com\/wordpress\/index.php?rest_route=\/wp\/v2\/types\/page"}],"author":[{"embeddable":true,"href":"https:\/\/covayoga.com\/wordpress\/index.php?rest_route=\/wp\/v2\/users\/1"}],"replies":[{"embeddable":true,"href":"https:\/\/covayoga.com\/wordpress\/index.php?rest_route=%2Fwp%2Fv2%2Fcomments&post=495"}],"version-history":[{"count":5,"href":"https:\/\/covayoga.com\/wordpress\/index.php?rest_route=\/wp\/v2\/pages\/495\/revisions"}],"predecessor-version":[{"id":523,"href":"https:\/\/covayoga.com\/wordpress\/index.php?rest_route=\/wp\/v2\/pages\/495\/revisions\/523"}],"up":[{"embeddable":true,"href":"https:\/\/covayoga.com\/wordpress\/index.php?rest_route=\/wp\/v2\/pages\/222"}],"wp:featuredmedia":[{"embeddable":true,"href":"https:\/\/covayoga.com\/wordpress\/index.php?rest_route=\/wp\/v2\/media\/194"}],"wp:attachment":[{"href":"https:\/\/covayoga.com\/wordpress\/index.php?rest_route=%2Fwp%2Fv2%2Fmedia&parent=495"}],"curies":[{"name":"wp","href":"https:\/\/api.w.org\/{rel}","templated":true}]}}